e highest common factor of w and s?
8
Suppose 0*j - 12*j = -1296. Let q(k) = 2*k**2 - 5. Let y be q(4). What is the highest common divisor of y and j?
27
Suppose 3*r - 141 = -4*a, 44 = 2*r + 3*a - 49. Calculate the highest common divisor of r and 1649.
17
Suppose 5*w - 2*r = r + 4395, -5*w - r + 4375 = 0. Calculate the highest common divisor of 12 and w.
12
Let x = -35 - -36. Suppose 0 = u - x - 7. Let r(c) = c**3 - 4*c**2 + c + 2. Let j be r(5). What is the highest common factor of j and u?
8
Suppose 4*d - 181 = -45. What is the greatest common divisor of 170 and d?
34
Let m = 22 - 12. Let f = -60 + -43. Let b = f - -213. What is the greatest common divisor of m and b?
10
Let o be (54 - 1) + (-1)/(-1). Let w be ((-52)/(-6))/(8/(-12)). Let z = -7 - w. Calculate the highest common factor of o and z.
6
Suppose 139 + 189 = l. Suppose -3*s + r + 242 = 0, 0*r + l = 4*s - 4*r. Calculate the greatest common divisor of s and 10.
10
Suppose 76 = 6*s - 176. What is the greatest common divisor of s and 483?
21
Let m = 128 + 4. Let a = -64 + 46. Let v be (-228)/a + 6/(-9). Calculate the highest common factor of v and m.
12
Let j(t) = 6*t**3 - 7*t**2. Let x be j(2). Calculate the greatest common divisor of 590 and x.
10
Let t(r) = -33*r**3 - 1. Let n = -42 + 41. Let w be t(n). Let z be (-15)/20 + 201/12. Calculate the greatest common factor of z and w.
16
Suppose l - 72 = -5*l. Suppose -2*h - 5*d + 18 = 0, -2*h = -6*h - 2*d + 20. Calculate the greatest common factor of h and l.
4
Let w be (-9)/(-3)*(-12)/(-9). Let y be -4 - (-4 + (-12)/w). Let s be -1*y*(-24)/18. Calculate the highest common factor of 1 and s.
1
Let c be (1 - -4)*(2 + 15). What is the highest common factor of 15 and c?
5
Let r be (9 - 1)/(9 - 391/51). Suppose 0 = -y - 4 + 6. Let x be y/2 - (-1 + -46). Calculate the highest common divisor of x and r.
6
Suppose 0 = -8*t - 25*t + 297. Suppose 3*p - 2*g + 3*g - 457 = 0, p = 3*g + 159. Calculate the greatest common factor of t and p.
9
Let p be (-1 - (-1 - -4)) + -30. Let j = -32 - p. Calculate the greatest common factor of j and 14.
2
Let h be (-2)/(-30) + (-203980)/(-300). Calculate the greatest common factor of 40 and h.
40
Let u(a) be the first derivative of 6*a**2 - 5*a - 10. Let s be u(2). Let n be 22/3*570/20. What is the highest common factor of n and s?
19
Let a be 54/10 - (-2)/(-5). Suppose -k - 20 = -4. Let w = -1 - k. Calculate the greatest common divisor of w and a.
5
Let b be (66/11)/(-1 + 15/6). Suppose i - 2*q - 4 = 0, -2*q = 2*i + 3*q - 44. Calculate the highest common divisor of b and i.
4
Suppose -34 = -2*i + 8*f - 3*f, 5*i - 104 = 3*f. Suppose x - t = 2*t + 45, 5*x = t + 169. What is the highest common divisor of i and x?
11
Let t(i) = 1 - 7*i - 11 + 55*i. Let p be t(1). What is the greatest common factor of p and 19?
19
Suppose 0 = -7*u + 14. Suppose -2*c + 63 = s, 4*s + 16 + u = c. What is the greatest common divisor of c and 90?
30
Suppose 3*t - 2*c - 255 = 2*c, 0 = -4*c. Suppose 3 = -p - 0*p. Let l = 31 - p. What is the highest common divisor of l and t?
17
Let u be 80/5*(-32)/(-16). Suppose 0 = -3*y - l + 46, -4*y + 2*l + 79 - 11 = 0. What is the greatest common divisor of u and y?
16
Let v be 70/3 - 8/(-12). Let p be (-12)/(-1)*12/v. Let s = p + 2. Calculate the highest common factor of 8 and s.
8
Let i = 1634 + -1117. What is the greatest common divisor of 47 and i?
47
Let o(t) = -t**3 + 8*t**2 - 9*t + 25. Let v be o(5). Calculate the highest common divisor of v and 143.
11
Let l(v) = 4*v**2 - v**3 - 5*v**2 + 5 + 4*v - v**2. Let t be l(-3). What is the highest common divisor of t and 2?
2
Let j(i) = -2*i + 4*i - 3*i + 2. Let g be j(-6). Let l = 63 + -59. What is the highest common factor of g and l?
4
Let c be (24/(-10))/(3/(-2 + -43)). Calculate the greatest common factor of 126 and c.
18
Let v(g) = 14*g**2 + 1. Let m be v(1). Let r(w) = 2 - 6*w + 82*w - 17*w. Let p be r(2). What is the highest common divisor of m and p?
15
Suppose 0 = -359*f + 371*f - 1320. Let l(w) = -2*w + 2. Let n be l(-4). Calculate the highest common factor of f and n.
10
Let j(u) = u**3 + 17*u**2 + 27*u - 19. Let t be j(-15). Let y = -43 + 56. What is the greatest common factor of y and t?
13
Suppose -122 = 8*p + 1430. Let m be 2/((-11)/(-4) - 3). Let n be p/m + (-3)/12. What is the greatest common factor of n and 12?
12
Let k(c) = 12*c + 15. Let s(r) = -r. Let p(w) = -k(w) - 6*s(w). Let l be p(-15). Suppose -6*j = -285 - l. Calculate the greatest common divisor of j and 15.
15
Suppose -4*j - 3*x + 294 = 82, -5*j = x - 265. Calculate the greatest common factor of j and 424.
53
Let b be ((-5)/5)/(4/(1 - 73)). Calculate the greatest common factor of b and 315.
9
Suppose -16 = v - 0*v. Let u = v - -22. What is the greatest common factor of u and 24?
6
Suppose 0 = -9*z + 159 + 192. Calculate the greatest common factor of z and 26.
13
Suppose 5*o + 91 = 4*a, -38 = -2*a + 3*o + 5. What is the highest common divisor of 232 and a?
29
Suppose -3*n - 8*n = 528. Let i = 86 + n. Calculate the highest common divisor of i and 38.
38
Let y(u) = -u + 423. Let s be y(18). What is the greatest common factor of 60 and s?
15
Suppose -3*z + 26 = -2*s, -2*z + s = -28 + 10. Let b be ((-7)/(-4))/(z/160). Calculate the highest common factor of b and 4.
4
Let w(v) = -3*v**2 + v**3 - 2*v**3 + 1 - 4*v**2 - 6*v. Suppose 6 = -16*q + 15*q. Let a be w(q). Calculate the greatest common divisor of 1 and a.
1
Suppose 9 = -6*n + 9*n. Suppose 3*i - l - n*l = 19, 38 = i + 5*l. What is the greatest common divisor of 65 and i?
13
Suppose -2*z - 2*q = 3*q + 1, 4*z + 2*q = 6. Calculate the greatest common divisor of z and 84.
2
Suppose 28 = -3*x + 109. Let f = x + -6. Let g = 31 - 17. Calculate the highest common factor of g and f.
7
Let v(x) = 251*x + 236. Let m be v(3). Calculate the highest common factor of 86 and m.
43
Suppose 2*d = -11 + 21. Calculate the greatest common divisor of 55 and d.
5
Let x be (-5)/(15/(-12))*(3 - 1). Let l be 1 + (-3)/(-1) - 0. Calculate the greatest common factor of x and l.
4
Let b(m) = 3*m**2 - 17*m - 5. Let g be b(6). Suppose 0 = 3*w - 0 - 12. What is the greatest common factor of g and w?
1
Let j be (-10)/85 + 468/(-68). Let f be 6 + 54 - (-3 - j). What is the highest common factor of 8 and f?
8
Suppose 10*h = 9*h - c + 16, -32 = -2*h + c. What is the highest common divisor of h and 3728?
16
Let k = 2177 + -2147. Calculate the greatest common factor of k and 760.
10
Suppose 446 + 4 = 10*b. Suppose 7*l + 10 = 45. What is the greatest common factor of l and b?
5
Let d be (-4)/8 - 433/(-2). Let f = 2125 - 2098. Calculate the greatest common factor of d and f.
27
Let v be (0 - (-4)/(-8))*-8. Let n be 1/v - (-777)/28. What is the greatest common factor of n and 224?
28
Let b(y) = -6*y + 9. Let d be b(-7). Suppose -a - a - 57 = -3*r, a - 14 = -r. What is the greatest common factor of r and d?
17
Let b be 1*(33 + 0 + 0). Suppose 2*u = -2 + 24. Calculate the greatest common factor of u and b.
11
Suppose 0 = 3*z - 176 - 844. What is the greatest common factor of z and 20?
20
Let a(t) = -t**2 - 11*t - 13. Let y(v) = -v**2 + 7. Let h be y(4). Let s be a(h). Suppose -s*d + 6 = -4*d. What is the highest common divisor of d and 66?
6
Let h = 4 - 2. Let p be (-130)/(-4) - (-3)/(-6). Suppose -5*n + 4*v + 76 = 0, -2*v = -h*n - 0*n + p. What is the greatest common factor of n and 18?
6
Let g = 37 + 38. What is the highest common divisor of 105 and g?
15
Suppose -2*i + 5*k = -39, 3*i - k = -6*k + 21. Let m be (2 - 3)*-4 + -1. Calculate the highest common factor of m and i.
3
Let i = -31 - -32. Suppose 176 = 2*h - 3*d, i = 3*d - 5. Calculate the highest common divisor of h and 13.
13
Let g = -364 + 499. What is the highest common divisor of 99 and g?
9
Let a = 9 - 7. Let d be -5 - ((0 - a) + -1). Let y be ((-10)/2)/(d/4). What is the greatest common divisor of 40 and y?
10
Let l be (-1 - 2 - -5) + 3. Suppose -6*c - l*x = -3*c - 107, 2*c + x = 76. What is the highest common divisor of 312 and c?
39
Suppose 6*v - 3800 - 1744 = 0. Calculate the highest common factor of 11 and v.
11
Suppose 46 + 42 = x. Calculate the highest common factor of x and 132.
44
Suppose -277*q + 1008 = -271*q. Calculate the highest common factor of 18 and q.
6
Let c be 20410/16 - (-327)/872